{"id":233,"date":"2020-05-31T14:56:33","date_gmt":"2020-05-31T14:56:33","guid":{"rendered":"http:\/\/marchitektura.com\/?page_id=233"},"modified":"2023-12-09T15:32:02","modified_gmt":"2023-12-09T15:32:02","slug":"datenschutz","status":"publish","type":"page","link":"https:\/\/marchitektura.com\/?page_id=233","title":{"rendered":"DATENSCHUTZ"},"content":{"rendered":"<p style=\"text-align: center;\">Wir erheben bei der Nutzung unserer Website www.marchitektura.com teilweise personenbezogene Daten. Im Folgenden informieren wir Sie im Einzelnen \u00fcber die Verarbeitung personenbezogener Daten.<\/p>\n<p style=\"text-align: center;\"><strong>Verantwortlicher<\/strong><br \/>\nMartina Frings<br \/>\n<span style=\"color: #2b2b2b;\">Hofstattstr. 1, <\/span>86919 Utting<br \/>\nTelefon: +49 (0) 8806 534813<br \/>\noffice@marchitektura.com<\/p>\n<p style=\"text-align: center;\"><strong>Besuch unserer Website<\/strong><br \/>\nSie k\u00f6nnen unsere Website aufrufen, ohne pers\u00f6nliche Angaben zu machen. Eine Registrierung ist nicht erforderlich.<\/p>\n<p style=\"text-align: center;\"><strong>Kontaktaufnahme mit uns<\/strong><br \/>\nWenn Sie uns per E-Mail kontaktieren, verarbeiten wir die von Ihnen \u00fcbermittelten Angaben zur Beantwortung Ihrer Anfrage. Rechtsgrundlage hierf\u00fcr ist Art. 6 Abs. 1 Buchstabe b EU-Datenschutz-Grundverordnung. Ihre personenbezogenen Daten bleiben so lange gespeichert, wie dies zur Bearbeitung Ihres Anliegens erforderlich ist.<br \/>\nBei Bewerbungen verarbeiten wir die Daten, die Sie uns \u00fcbermitteln, gem\u00e4\u00df \u00a7 26 Abs. 1 Satz 1 Bundesdatenschutzgesetz f\u00fcr das Bewerbungsverfahren und, falls ein Besch\u00e4ftigungsverh\u00e4ltnis zustande kommt, auch f\u00fcr die Durchf\u00fchrung des Besch\u00e4ftigungsverh\u00e4ltnisses.<br \/>\nWir behandeln Ihre personenbezogenen Daten vertraulich. Bitte beachten Sie aber, dass die Kommunikation per E-Mail \u00fcber das Internet unverschl\u00fcsselt erfolgt. Es besteht daher bei der Daten\u00fcbermittlung an uns kein Schutz gegen die Kenntnisnahme durch Unbefugte.<\/p>\n<p style=\"text-align: center;\"><strong>Werbung<\/strong><br \/>\nWir sind berechtigt, Ihre personenbezogenen Daten im Rahmen der gesetzlichen Vorschriften f\u00fcr Zwecke der Werbung auch ohne Vorliegen einer Einwilligung zu verarbeiten, sofern Sie dem nicht widersprochen haben. Rechtsgrundlage hierf\u00fcr ist die Wahrung berechtigter Interessen gem\u00e4\u00df Art. 6 Abs. 1 Buchstabe f EU-Datenschutz-Grundverordnung. Per E-Mail, Telefon oder Telefax werden wir Sie nur dann f\u00fcr Zwecke der Werbung kontaktieren, wenn Sie uns hierf\u00fcr Ihre Einwilligung geben.<\/p>\n<p style=\"text-align: center;\">Sie k\u00f6nnen der Verarbeitung Ihrer personenbezogenen Daten f\u00fcr Zwecke der Werbung jederzeit widersprechen.<\/p>\n<p style=\"text-align: center;\"><strong>Weitergabe an Dritte<\/strong><br \/>\nWir geben Ihre personenbezogenen Daten nur in folgenden F\u00e4llen an Dritte weiter:<\/p>\n<p style=\"text-align: center;\">&#8211; wenn dies zur Begr\u00fcndung oder Durchf\u00fchrung eines Vertragsverh\u00e4ltnisses notwendig ist; Rechtsgrundlage ist in diesem Fall Art. 6 Abs. 1 Buchstabe b EU-Datenschutz-Grundverordnung.<\/p>\n<p style=\"text-align: center;\">&#8211; wenn wir gesetzlich dazu verpflichtet sind; Rechtsgrundlage ist in diesem Fall Art. 6 Abs. 1 Buchstabe c EU-Datenschutz-Grundverordnung.<\/p>\n<p style=\"text-align: center;\">&#8211; wenn es zur Durchsetzung von Anspr\u00fcchen erforderlich sein sollte; Rechtsgrundlage ist in diesem Fall die Wahrung berechtigter Interessen gem\u00e4\u00df Art. 6 Abs. 1 Buchstabe f EU-Datenschutz-Grundverordnung.<\/p>\n<p style=\"text-align: center;\">F\u00fcr andere Zwecke geben wir Ihre personenbezogenen Daten nicht ohne Ihre ausdr\u00fcckliche Einwilligung an Dritte weiter.<\/p>\n<p style=\"text-align: center;\"><strong>Ihre Rechte als Nutzer<\/strong><br \/>\nWenn die jeweiligen gesetzlichen Voraussetzungen vorliegen, haben Sie die folgenden Rechte:<\/p>\n<p style=\"text-align: center;\">Sie haben ein Recht auf Auskunft dar\u00fcber, welche pers\u00f6nlichen Daten wir Sie gespeichert haben.<\/p>\n<p style=\"text-align: center;\">Sie k\u00f6nnen die L\u00f6schung personenbezogener Daten verlangen. Von der L\u00f6schung ausgenommen sind solche Daten, die wir noch zur Durchf\u00fchrung eines Vertragsverh\u00e4ltnisses ben\u00f6tigen oder aufgrund gesetzlicher Verpflichtungen aufbewahren m\u00fcssen, insbesondere nach Handelsrecht und Steuerrecht. In diesem Fall tritt an die Stelle der L\u00f6schung die Einschr\u00e4nkung der Verarbeitung auf die genannten Zwecke.<\/p>\n<p style=\"text-align: center;\"><strong>Sie k\u00f6nnen der Verarbeitung und Nutzung ihrer Daten, insbesondere f\u00fcr Zwecke der Werbung, widersprechen.<\/strong><\/p>\n<p style=\"text-align: center;\">Sie haben das Recht auf Daten\u00fcbertragbarkeit bez\u00fcglich personenbezogener Daten, die Sie uns mit Ihrer Einwilligung oder f\u00fcr die Begr\u00fcndung oder Durchf\u00fchrung eines Vertragsverh\u00e4ltnisses bereitgestellt haben.<\/p>\n<p style=\"text-align: center;\">Sie haben das Recht, eine von Ihnen erteilte Einwilligung, z.B. f\u00fcr den Erhalt eines E-Mail-Newsletters, jederzeit zu widerrufen.<\/p>\n<p style=\"text-align: center;\">Sie haben im Falle eines Versto\u00dfes gegen datenschutzrechtliche Vorschriften ein Beschwerderecht bei der zust\u00e4ndigen Aufsichtsbeh\u00f6rde (Bayerisches Landesamt f\u00fcr Datenschutzaufsicht, Promenade 27 (Schloss), 91522 Ansbach; www.lda.bayern.de).<\/p>\n","protected":false},"excerpt":{"rendered":"<p>Wir erheben bei der Nutzung unserer Website www.marchitektura.com teilweise personenbezogene Daten. Im Folgenden informieren wir Sie im Einzelnen \u00fcber die Verarbeitung personenbezogener Daten. Verantwortlicher Martina Frings Hofstattstr. 1, 86919 Utting Telefon: +49 (0) 8806 534813 office@marchitektura.com Besuch unserer Website Sie k\u00f6nnen unsere Website aufrufen, ohne pers\u00f6nliche Angaben zu machen. Eine Registrierung ist nicht erforderlich. Kontaktaufnahme [&hellip;]<\/p>\n","protected":false},"author":1,"featured_media":0,"parent":115,"menu_order":0,"comment_status":"closed","ping_status":"closed","template":"","meta":{"_acf_changed":false,"footnotes":""},"class_list":["post-233","page","type-page","status-publish","hentry","entry clearfix"],"acf":[],"yoast_head":"<!-- This site is optimized with the Yoast SEO plugin v17.8 - https:\/\/yoast.com\/wordpress\/plugins\/seo\/ -->\n<title>DATENSCHUTZ - marchitektura<\/title>\n<meta name=\"robots\" content=\"index, follow, max-snippet:-1, max-image-preview:large, max-video-preview:-1\" \/>\n<link rel=\"canonical\" href=\"https:\/\/marchitektura.com\/?page_id=233\" \/>\n<meta property=\"og:locale\" content=\"de_DE\" \/>\n<meta property=\"og:type\" content=\"article\" \/>\n<meta property=\"og:title\" content=\"DATENSCHUTZ - marchitektura\" \/>\n<meta property=\"og:description\" content=\"Wir erheben bei der Nutzung unserer Website www.marchitektura.com teilweise personenbezogene Daten. Im Folgenden informieren wir Sie im Einzelnen \u00fcber die Verarbeitung personenbezogener Daten. Verantwortlicher Martina Frings Hofstattstr. 1, 86919 Utting Telefon: +49 (0) 8806 534813 office@marchitektura.com Besuch unserer Website Sie k\u00f6nnen unsere Website aufrufen, ohne pers\u00f6nliche Angaben zu machen. Eine Registrierung ist nicht erforderlich. Kontaktaufnahme [&hellip;]\" \/>\n<meta property=\"og:url\" content=\"https:\/\/marchitektura.com\/?page_id=233\" \/>\n<meta property=\"og:site_name\" content=\"marchitektura\" \/>\n<meta property=\"article:modified_time\" content=\"2023-12-09T15:32:02+00:00\" \/>\n<meta name=\"twitter:card\" content=\"summary\" \/>\n<meta name=\"twitter:label1\" content=\"Gesch\u00e4tzte Lesezeit\" \/>\n\t<meta name=\"twitter:data1\" content=\"3\u00a0Minuten\" \/>\n<script type=\"application\/ld+json\" class=\"yoast-schema-graph\">{\"@context\":\"https:\/\/schema.org\",\"@graph\":[{\"@type\":\"WebSite\",\"@id\":\"https:\/\/marchitektura.com\/#website\",\"url\":\"https:\/\/marchitektura.com\/\",\"name\":\"marchitektura\",\"description\":\"\",\"potentialAction\":[{\"@type\":\"SearchAction\",\"target\":{\"@type\":\"EntryPoint\",\"urlTemplate\":\"https:\/\/marchitektura.com\/?s={search_term_string}\"},\"query-input\":\"required name=search_term_string\"}],\"inLanguage\":\"de\"},{\"@type\":\"WebPage\",\"@id\":\"https:\/\/marchitektura.com\/?page_id=233#webpage\",\"url\":\"https:\/\/marchitektura.com\/?page_id=233\",\"name\":\"DATENSCHUTZ - marchitektura\",\"isPartOf\":{\"@id\":\"https:\/\/marchitektura.com\/#website\"},\"datePublished\":\"2020-05-31T14:56:33+00:00\",\"dateModified\":\"2023-12-09T15:32:02+00:00\",\"breadcrumb\":{\"@id\":\"https:\/\/marchitektura.com\/?page_id=233#breadcrumb\"},\"inLanguage\":\"de\",\"potentialAction\":[{\"@type\":\"ReadAction\",\"target\":[\"https:\/\/marchitektura.com\/?page_id=233\"]}]},{\"@type\":\"BreadcrumbList\",\"@id\":\"https:\/\/marchitektura.com\/?page_id=233#breadcrumb\",\"itemListElement\":[{\"@type\":\"ListItem\",\"position\":1,\"name\":\"Startseite\",\"item\":\"https:\/\/marchitektura.com\/\"},{\"@type\":\"ListItem\",\"position\":2,\"name\":\"Kontakt\",\"item\":\"https:\/\/marchitektura.com\/?page_id=115\"},{\"@type\":\"ListItem\",\"position\":3,\"name\":\"DATENSCHUTZ\"}]}]}<\/script>\n<!-- \/ Yoast SEO plugin. -->","yoast_head_json":{"title":"DATENSCHUTZ - marchitektura","robots":{"index":"index","follow":"follow","max-snippet":"max-snippet:-1","max-image-preview":"max-image-preview:large","max-video-preview":"max-video-preview:-1"},"canonical":"https:\/\/marchitektura.com\/?page_id=233","og_locale":"de_DE","og_type":"article","og_title":"DATENSCHUTZ - marchitektura","og_description":"Wir erheben bei der Nutzung unserer Website www.marchitektura.com teilweise personenbezogene Daten. Im Folgenden informieren wir Sie im Einzelnen \u00fcber die Verarbeitung personenbezogener Daten. Verantwortlicher Martina Frings Hofstattstr. 1, 86919 Utting Telefon: +49 (0) 8806 534813 office@marchitektura.com Besuch unserer Website Sie k\u00f6nnen unsere Website aufrufen, ohne pers\u00f6nliche Angaben zu machen. Eine Registrierung ist nicht erforderlich. Kontaktaufnahme [&hellip;]","og_url":"https:\/\/marchitektura.com\/?page_id=233","og_site_name":"marchitektura","article_modified_time":"2023-12-09T15:32:02+00:00","twitter_card":"summary","twitter_misc":{"Gesch\u00e4tzte Lesezeit":"3\u00a0Minuten"},"schema":{"@context":"https:\/\/schema.org","@graph":[{"@type":"WebSite","@id":"https:\/\/marchitektura.com\/#website","url":"https:\/\/marchitektura.com\/","name":"marchitektura","description":"","potentialAction":[{"@type":"SearchAction","target":{"@type":"EntryPoint","urlTemplate":"https:\/\/marchitektura.com\/?s={search_term_string}"},"query-input":"required name=search_term_string"}],"inLanguage":"de"},{"@type":"WebPage","@id":"https:\/\/marchitektura.com\/?page_id=233#webpage","url":"https:\/\/marchitektura.com\/?page_id=233","name":"DATENSCHUTZ - marchitektura","isPartOf":{"@id":"https:\/\/marchitektura.com\/#website"},"datePublished":"2020-05-31T14:56:33+00:00","dateModified":"2023-12-09T15:32:02+00:00","breadcrumb":{"@id":"https:\/\/marchitektura.com\/?page_id=233#breadcrumb"},"inLanguage":"de","potentialAction":[{"@type":"ReadAction","target":["https:\/\/marchitektura.com\/?page_id=233"]}]},{"@type":"BreadcrumbList","@id":"https:\/\/marchitektura.com\/?page_id=233#breadcrumb","itemListElement":[{"@type":"ListItem","position":1,"name":"Startseite","item":"https:\/\/marchitektura.com\/"},{"@type":"ListItem","position":2,"name":"Kontakt","item":"https:\/\/marchitektura.com\/?page_id=115"},{"@type":"ListItem","position":3,"name":"DATENSCHUTZ"}]}]}},"_links":{"self":[{"href":"https:\/\/marchitektura.com\/index.php?rest_route=\/wp\/v2\/pages\/233","targetHints":{"allow":["GET"]}}],"collection":[{"href":"https:\/\/marchitektura.com\/index.php?rest_route=\/wp\/v2\/pages"}],"about":[{"href":"https:\/\/marchitektura.com\/index.php?rest_route=\/wp\/v2\/types\/page"}],"author":[{"embeddable":true,"href":"https:\/\/marchitektura.com\/index.php?rest_route=\/wp\/v2\/users\/1"}],"replies":[{"embeddable":true,"href":"https:\/\/marchitektura.com\/index.php?rest_route=%2Fwp%2Fv2%2Fcomments&post=233"}],"version-history":[{"count":4,"href":"https:\/\/marchitektura.com\/index.php?rest_route=\/wp\/v2\/pages\/233\/revisions"}],"predecessor-version":[{"id":502,"href":"https:\/\/marchitektura.com\/index.php?rest_route=\/wp\/v2\/pages\/233\/revisions\/502"}],"up":[{"embeddable":true,"href":"https:\/\/marchitektura.com\/index.php?rest_route=\/wp\/v2\/pages\/115"}],"wp:attachment":[{"href":"https:\/\/marchitektura.com\/index.php?rest_route=%2Fwp%2Fv2%2Fmedia&parent=233"}],"curies":[{"name":"wp","href":"https:\/\/api.w.org\/{rel}","templated":true}]}}